[INFO] cloning repository https://github.com/bavardage/urdr
[INFO] running `Command { std: "git" "-c" "credential.helper=" "-c" "credential.helper=/workspace/cargo-home/bin/git-credential-null" "clone" "--bare" "https://github.com/bavardage/urdr" "/workspace/cache/git-repos/https%3A%2F%2Fgithub.com%2Fbavardage%2Furdr", kill_on_drop: false }`
[INFO] [stderr] Cloning into bare repository '/workspace/cache/git-repos/https%3A%2F%2Fgithub.com%2Fbavardage%2Furdr'...
[INFO] running `Command { std: "git" "rev-parse" "HEAD", kill_on_drop: false }`
[INFO] [stdout] 660c30976006212fe2dfbed9667fc8dae066074c
[INFO] checking bavardage/urdr against master#9610dfe5a9a731ced1ea4923ecbd0c57fe367898 for beta-170-4
[INFO] running `Command { std: "git" "clone" "/workspace/cache/git-repos/https%3A%2F%2Fgithub.com%2Fbavardage%2Furdr" "/workspace/builds/worker-5-tc1/source", kill_on_drop: false }`
[INFO] [stderr] Cloning into '/workspace/builds/worker-5-tc1/source'...
[INFO] [stderr] done.
[INFO] validating manifest of git repo https://github.com/bavardage/urdr on toolchain 9610dfe5a9a731ced1ea4923ecbd0c57fe367898
[INFO] running `Command { std: CARGO_HOME="/workspace/cargo-home" RUSTUP_HOME="/workspace/rustup-home" "/workspace/cargo-home/bin/cargo" "+9610dfe5a9a731ced1ea4923ecbd0c57fe367898" "metadata" "--manifest-path" "Cargo.toml" "--no-deps", kill_on_drop: false }`
[INFO] started tweaking git repo https://github.com/bavardage/urdr
[INFO] finished tweaking git repo https://github.com/bavardage/urdr
[INFO] tweaked toml for git repo https://github.com/bavardage/urdr written to /workspace/builds/worker-5-tc1/source/Cargo.toml
[INFO] crate git repo https://github.com/bavardage/urdr already has a lockfile, it will not be regenerated
[INFO] running `Command { std: CARGO_HOME="/workspace/cargo-home" RUSTUP_HOME="/workspace/rustup-home" "/workspace/cargo-home/bin/cargo" "+9610dfe5a9a731ced1ea4923ecbd0c57fe367898" "fetch" "--manifest-path" "Cargo.toml", kill_on_drop: false }`
[INFO] [stderr]     Updating crates.io index
[INFO] [stderr]  Downloading crates ...
[INFO] [stderr]   Downloaded osascript v0.3.0
[INFO] [stderr]   Downloaded syn v1.0.27
[INFO] running `Command { std: "docker" "create" "-v" "/var/lib/crater-agent-workspace/builds/worker-5-tc1/target:/opt/rustwide/target:rw,Z" "-v" "/var/lib/crater-agent-workspace/builds/worker-5-tc1/source:/opt/rustwide/workdir:ro,Z" "-v" "/var/lib/crater-agent-workspace/cargo-home:/opt/rustwide/cargo-home:ro,Z" "-v" "/var/lib/crater-agent-workspace/rustup-home:/opt/rustwide/rustup-home:ro,Z" "-e" "SOURCE_DIR=/opt/rustwide/workdir" "-e" "CARGO_TARGET_DIR=/opt/rustwide/target" "-e" "CARGO_HOME=/opt/rustwide/cargo-home" "-e" "RUSTUP_HOME=/opt/rustwide/rustup-home" "-w" "/opt/rustwide/workdir" "-m" "1610612736" "--user" "0:0" "--network" "none" "ghcr.io/rust-lang/crates-build-env/linux@sha256:19e73879b68f455e41552ea35293514db52ea292d993f571636dbffedb77a1ee" "/opt/rustwide/cargo-home/bin/cargo" "+9610dfe5a9a731ced1ea4923ecbd0c57fe367898" "metadata" "--no-deps" "--format-version=1", kill_on_drop: false }`
[INFO] [stdout] ee8e42d76ef16356df4835de265df3ad545dfce39c60702e999fba8e97af3575
[INFO] running `Command { std: "docker" "start" "-a" "ee8e42d76ef16356df4835de265df3ad545dfce39c60702e999fba8e97af3575", kill_on_drop: false }`
[INFO] running `Command { std: "docker" "inspect" "ee8e42d76ef16356df4835de265df3ad545dfce39c60702e999fba8e97af3575", kill_on_drop: false }`
[INFO] running `Command { std: "docker" "rm" "-f" "ee8e42d76ef16356df4835de265df3ad545dfce39c60702e999fba8e97af3575", kill_on_drop: false }`
[INFO] [stdout] ee8e42d76ef16356df4835de265df3ad545dfce39c60702e999fba8e97af3575
[INFO] running `Command { std: "docker" "create" "-v" "/var/lib/crater-agent-workspace/builds/worker-5-tc1/target:/opt/rustwide/target:rw,Z" "-v" "/var/lib/crater-agent-workspace/builds/worker-5-tc1/source:/opt/rustwide/workdir:ro,Z" "-v" "/var/lib/crater-agent-workspace/cargo-home:/opt/rustwide/cargo-home:ro,Z" "-v" "/var/lib/crater-agent-workspace/rustup-home:/opt/rustwide/rustup-home:ro,Z" "-e" "SOURCE_DIR=/opt/rustwide/workdir" "-e" "CARGO_TARGET_DIR=/opt/rustwide/target" "-e" "CARGO_INCREMENTAL=0" "-e" "RUST_BACKTRACE=full" "-e" "RUSTFLAGS=--cap-lints=forbid" "-e" "RUSTDOCFLAGS=--cap-lints=forbid" "-e" "CARGO_HOME=/opt/rustwide/cargo-home" "-e" "RUSTUP_HOME=/opt/rustwide/rustup-home" "-w" "/opt/rustwide/workdir" "-m" "1610612736" "--user" "0:0" "--network" "none" "ghcr.io/rust-lang/crates-build-env/linux@sha256:19e73879b68f455e41552ea35293514db52ea292d993f571636dbffedb77a1ee" "/opt/rustwide/cargo-home/bin/cargo" "+9610dfe5a9a731ced1ea4923ecbd0c57fe367898" "check" "--frozen" "--all" "--all-targets" "--message-format=json", kill_on_drop: false }`
[INFO] [stdout] b4c29498dfb22a0e2b587e089dcdabc7fc0bb74bf4dd1bf8654882939fcbb694
[INFO] running `Command { std: "docker" "start" "-a" "b4c29498dfb22a0e2b587e089dcdabc7fc0bb74bf4dd1bf8654882939fcbb694", kill_on_drop: false }`
[INFO] [stderr]    Compiling proc-macro2 v1.0.17
[INFO] [stderr]    Compiling unicode-xid v0.2.0
[INFO] [stderr]    Compiling syn v1.0.27
[INFO] [stderr]    Compiling libc v0.2.71
[INFO] [stderr]    Compiling version_check v0.9.2
[INFO] [stderr]    Compiling autocfg v1.0.0
[INFO] [stderr]    Compiling serde v1.0.110
[INFO] [stderr]    Compiling byteorder v1.3.4
[INFO] [stderr]    Compiling bitflags v1.2.1
[INFO] [stderr]    Compiling memchr v2.3.3
[INFO] [stderr]     Checking unicode-width v0.1.7
[INFO] [stderr]     Checking lazy_static v1.4.0
[INFO] [stderr]    Compiling ryu v1.0.4
[INFO] [stderr]    Compiling failure_derive v0.1.8
[INFO] [stderr]     Checking gimli v0.21.0
[INFO] [stderr]    Compiling core-foundation-sys v0.7.0
[INFO] [stderr]     Checking itoa v0.4.5
[INFO] [stderr]     Checking cfg-if v0.1.10
[INFO] [stderr]     Checking regex-syntax v0.6.18
[INFO] [stderr]    Compiling unicode-segmentation v1.6.0
[INFO] [stderr]     Checking object v0.19.0
[INFO] [stderr]     Checking rustc-demangle v0.1.16
[INFO] [stderr]    Compiling proc-macro-error-attr v1.0.2
[INFO] [stderr]    Compiling proc-macro-error v1.0.2
[INFO] [stderr]     Checking textwrap v0.11.0
[INFO] [stderr]    Compiling num-traits v0.2.11
[INFO] [stderr]    Compiling num-integer v0.1.42
[INFO] [stderr]     Checking ansi_term v0.11.0
[INFO] [stderr]     Checking vec_map v0.8.2
[INFO] [stderr]     Checking strsim v0.8.0
[INFO] [stderr]     Checking foreign-types-shared v0.1.1
[INFO] [stderr]    Compiling heck v0.3.1
[INFO] [stderr]     Checking csv-core v0.1.10
[INFO] [stderr]     Checking foreign-types v0.3.2
[INFO] [stderr]     Checking number_prefix v0.3.0
[INFO] [stderr]     Checking regex-automata v0.1.9
[INFO] [stderr]    Compiling quote v1.0.6
[INFO] [stderr]     Checking atty v0.2.14
[INFO] [stderr]     Checking termios v0.3.2
[INFO] [stderr]     Checking terminal_size v0.1.12
[INFO] [stderr]     Checking core-foundation v0.7.0
[INFO] [stderr]     Checking time v0.1.43
[INFO] [stderr]     Checking clap v2.33.1
[INFO] [stderr]     Checking core-graphics v0.19.0
[INFO] [stderr]     Checking regex v1.3.9
[INFO] [stdout] error[E0455]: link kind `framework` is only supported on Apple targets
[INFO] [stdout]   --> /opt/rustwide/cargo-home/registry/src/index.crates.io-6f17d22bba15001f/core-graphics-0.19.0/src/color.rs:31:38
[INFO] [stdout]    |
[INFO] [stdout] 31 | #[link(name = "CoreGraphics", kind = "framework")]
[INFO] [stdout]    |                                      ^^^^^^^^^^^
[INFO] [stdout] 
[INFO] [stdout] 
[INFO] [stdout] error[E0455]: link kind `framework` is only supported on Apple targets
[INFO] [stdout]   --> /opt/rustwide/cargo-home/registry/src/index.crates.io-6f17d22bba15001f/core-graphics-0.19.0/src/color_space.rs:54:38
[INFO] [stdout]    |
[INFO] [stdout] 54 | #[link(name = "CoreGraphics", kind = "framework")]
[INFO] [stdout]    |                                      ^^^^^^^^^^^
[INFO] [stdout] 
[INFO] [stdout] 
[INFO] [stdout] error[E0455]: link kind `framework` is only supported on Apple targets
[INFO] [stdout]    --> /opt/rustwide/cargo-home/registry/src/index.crates.io-6f17d22bba15001f/core-graphics-0.19.0/src/context.rs:565:38
[INFO] [stdout]     |
[INFO] [stdout] 565 | #[link(name = "CoreGraphics", kind = "framework")]
[INFO] [stdout]     |                                      ^^^^^^^^^^^
[INFO] [stdout] 
[INFO] [stdout] 
[INFO] [stdout] error[E0455]: link kind `framework` is only supported on Apple targets
[INFO] [stdout]    --> /opt/rustwide/cargo-home/registry/src/index.crates.io-6f17d22bba15001f/core-graphics-0.19.0/src/data_provider.rs:109:38
[INFO] [stdout]     |
[INFO] [stdout] 109 | #[link(name = "CoreGraphics", kind = "framework")]
[INFO] [stdout]     |                                      ^^^^^^^^^^^
[INFO] [stdout] 
[INFO] [stdout] 
[INFO] [stdout] error[E0455]: link kind `framework` is only supported on Apple targets
[INFO] [stdout]    --> /opt/rustwide/cargo-home/registry/src/index.crates.io-6f17d22bba15001f/core-graphics-0.19.0/src/font.rs:127:38
[INFO] [stdout]     |
[INFO] [stdout] 127 | #[link(name = "CoreGraphics", kind = "framework")]
[INFO] [stdout]     |                                      ^^^^^^^^^^^
[INFO] [stdout] 
[INFO] [stdout] 
[INFO] [stdout] error[E0455]: link kind `framework` is only supported on Apple targets
[INFO] [stdout]    --> /opt/rustwide/cargo-home/registry/src/index.crates.io-6f17d22bba15001f/core-graphics-0.19.0/src/geometry.rs:198:42
[INFO] [stdout]     |
[INFO] [stdout] 198 |     #[link(name = "CoreGraphics", kind = "framework")]
[INFO] [stdout]     |                                          ^^^^^^^^^^^
[INFO] [stdout] 
[INFO] [stdout] 
[INFO] [stdout] error[E0455]: link kind `framework` is only supported on Apple targets
[INFO] [stdout]    --> /opt/rustwide/cargo-home/registry/src/index.crates.io-6f17d22bba15001f/core-graphics-0.19.0/src/image.rs:138:38
[INFO] [stdout]     |
[INFO] [stdout] 138 | #[link(name = "CoreGraphics", kind = "framework")]
[INFO] [stdout]     |                                      ^^^^^^^^^^^
[INFO] [stdout] 
[INFO] [stdout] 
[INFO] [stdout] error[E0455]: link kind `framework` is only supported on Apple targets
[INFO] [stdout]    --> /opt/rustwide/cargo-home/registry/src/index.crates.io-6f17d22bba15001f/core-graphics-0.19.0/src/path.rs:124:38
[INFO] [stdout]     |
[INFO] [stdout] 124 | #[link(name = "CoreGraphics", kind = "framework")]
[INFO] [stdout]     |                                      ^^^^^^^^^^^
[INFO] [stdout] 
[INFO] [stdout] 
[INFO] [stdout] error: aborting due to 8 previous errors
[INFO] [stdout] 
[INFO] [stdout] 
[INFO] [stdout] For more information about this error, try `rustc --explain E0455`.
[INFO] [stdout] 
[INFO] [stderr] error: could not compile `core-graphics` (lib) due to 9 previous errors
[INFO] [stderr] warning: build failed, waiting for other jobs to finish...
[INFO] running `Command { std: "docker" "inspect" "b4c29498dfb22a0e2b587e089dcdabc7fc0bb74bf4dd1bf8654882939fcbb694", kill_on_drop: false }`
[INFO] running `Command { std: "docker" "rm" "-f" "b4c29498dfb22a0e2b587e089dcdabc7fc0bb74bf4dd1bf8654882939fcbb694", kill_on_drop: false }`
[INFO] [stdout] b4c29498dfb22a0e2b587e089dcdabc7fc0bb74bf4dd1bf8654882939fcbb694
